30. Let w = h + -11. List the prime factors of w.
2, 7
Suppose 33*f - 12007 - 29177 = 0. List the prime factors of f.
2, 3, 13
Let y be (-2)/(-6) + 2028/(-36). Let c = -18 - y. List the prime factors of c.
2, 19
Let i be (-5 + 0)*(-3)/5. Let t be (2 + 0)/((-2)/i). List the prime factors of t/6*(-2 + -2).
2
Let h = 2804 + -1848. List the prime factors of h.
2, 239
What are the prime factors of (-2 - -4)/((-2)/(-653))?
653
Let j = -1 + 1. Suppose j = a - 4*a - 39. Let n = 32 + a. List the prime factors of n.
19
Let d = -1536 - -2756. What are the prime factors of d?
2, 5, 61
Suppose 3*r - 2*r - b - 57 = 0, 258 = 5*r + 4*b. Suppose -5*p = -p + 4, -2*i = 2*p - r. What are the prime factors of i?
2, 7
Suppose -43*s + 45*s = 1112. What are the prime factors of s?
2, 139
Let d = -28 - -43. Suppose z = 4*r + 2*z + d, 5*r = 3*z - 40. Let w = r - -18. List the prime factors of w.
13
Suppose -1891 = -5*t + 3*j, 38*t + 2*j - 1906 = 33*t. What are the prime factors of t?
2, 5, 19
Suppose 4*z + 19 = -5*d + 124, 3*z = -4*d + 85. Let a = d - 11. Suppose 66 = 2*b - a. What are the prime factors of b?
2, 5
Suppose 25 + 75 = 10*g. List the prime factors of 12/g*(-4815)/(-18) + 4.
5, 13
Suppose 10469 - 1849 = 10*m. Suppose -5*f + 103 = -m. What are the prime factors of f?
193
Let s(r) = 101*r**3 - 3*r**2 - 5. List the prime factors of s(2).
7, 113
Let i be (-1)/(-2) + 4 + 25/(-10). Suppose -o + r + 1 = 0, -5*o + 8 = -2*r - 3. What are the prime factors of (19 + -2)/(o - i)?
17
Let u(m) be the first derivative of -m**2 - 30*m - 43. What are the prime factors of u(-17)?
2
Suppose 29*r = 32*r - 72. Suppose r = 11*a - 8*a. Suppose -a*k - 44 = -10*k. List the prime factors of k.
2, 11
Let p(z) = 1 - 14*z**3 + 0*z**3 - 2*z**3 + z**2 + z. What are the prime factors of p(-1)?
17
Suppose -4*t - 24 = -2*t. What are the prime factors of (-116)/t + (-12)/18?
3
Suppose 3*t - 6*v + v = 86, 2*v + 83 = 3*t. Let m = -73 + t. Let u = m + 86. What are the prime factors of u?
2, 5
Let k = 11 + -7. Suppose 8 = -k*c - 4*o, 8 = c - 2*c + 2*o. List the prime factors of 2/c + 82/4.
2, 5
Let i be 4/(-2*(-2)/66). Suppose 4*w - 274 + i = 0. Suppose 0*u = 4*t - 2*u - 58, 4*u + w = 4*t. List the prime factors of t.
2
What are the prime factors of (-3)/((-5916)/2956 + 2)?
3, 739
Let s(f) = -14 - 5*f + 3*f + 4*f. Let r = -442 + 457. What are the prime factors of s(r)?
2
Suppose 5*o + 4*v - 1398 = 0, -6*o = -9*o + v + 849. Suppose -5*w + o = 2*d + 104, 5*w - 2*d - 162 = 0. List the prime factors of w.
2, 17
Let a(q) be the second derivative of 1/12*q**4 + 0 + 0*q**2 + 3/20*q**5 + 1/3*q**3 + 4*q. What are the prime factors of a(2)?
2
Let d(q) be the third derivative of q**6/360 - q**5/120 - q**4/4 - 2*q**2. Let v(w) be the second derivative of d(w). What are the prime factors of v(6)?
11
Let i(t) = -54*t**3 + 3*t**2 + t - 1. Let z be i(-1). Let s = 201 - z. List the prime factors of s.
2, 73
Let a = 32 + -20. Let q(j) = 2*j**2 - 17*j - 15. List the prime factors of q(a).
3, 23
Suppose 2*x = 0, -q + 3*x = -4*q. Suppose q = -4*l + 5*b + 479, -6*l = -3*l + b - 345. What are the prime factors of l?
2, 29
Let b be 2/8*(17 - -3). Let v(m) = m - 8. Let o be v(b). Let p = o - -8. What are the prime factors of p?
5
Let k = 15 + -35. List the prime factors of (-1668)/k + 2/(-5).
83
Suppose -5 = -2*t + 1. Suppose -4*i - 4*a = -44, 3*i + 0 = 3*a + t. Suppose -h + 111 = 2*v, 4*h + i = 2. List the prime factors of v.
2, 7
What are the prime factors of ((-11102)/(-39))/(4*(-1)/(-54))?
3, 7, 61
Suppose 34*k = -1069 + 4197. List the prime factors of k.
2, 23
List the prime factors of (-48)/(-6) + 427 + 2.
19, 23
Let s(z) = 7*z + 50. Let a be s(-4). Suppose 0 = -j - 0 - 15. Let k = a - j. What are the prime factors of k?
37
Suppose 0 = 6*b - b - 15. Suppose 229 = 3*s - 131. Suppose -48 = -w + b*y + 2*y, -5*w + s = -y. What are the prime factors of w?
23
Let g(o) = 5*o**3 + 8*o**2 - 13*o. What are the prime factors of g(6)?
2, 3, 5, 43
Let h(n) = n**2 - 2*n - 10. Let d be h(5). Suppose -2*a + 78 = -3*i, 0*a = 3*a - d*i - 115. What are the prime factors of a?
3, 5
What are the prime factors of 3 + (-8)/(-24)*1875?
2, 157
Suppose 4*o - 3869 = 5*p, -4*o - 17*p + 16*p + 3863 = 0. What are the prime factors of o?
2, 3, 7, 23
Let z = 30 - 27. Let s(j) = 15*j**2 - 2*j + 1. What are the prime factors of s(z)?
2, 5, 13
Let b be 0/(0 + 3/3). Suppose b = 4*s - 2*s - 198. Suppose 3*r + 33 = 3*p + s, 2*p = 5*r - 95. What are the prime factors of r?
17
Suppose 5*w + 90 = 7*w. Suppose 42*y + 729 = w*y. What are the prime factors of y?
3
Suppose 0 = -n + 5*r + 7 - 1, -3*n + 3*r = 6. Suppose -15 + 0 = -5*m. List the prime factors of (m/1)/(-3 - n).
3
Let b be (-11)/22*0/(-1). Suppose b = -0*a + 3*a - 147. List the prime factors of a.
7
Let f be ((-26)/3)/(2/(-3)). Let j = f - 10. Suppose 0 = 5*o + 5*g, j*o = -2*o - 3*g + 6. What are the prime factors of o?
3
Suppose -3*y + 21 = 3. Suppose 4*a + 2*j = 74, 4 = -a + j - y*j. What are the prime factors of a?
3, 7
Suppose -5*b + 1 = 3*d - 1, -2*b + 8 = 3*d. Suppose x = 1 + 1. Suppose d*w - 34 = -3*q + 26, -x*w = -5*q - 4. What are the prime factors of w?
2, 3
Let s(d) = -d**3 + 3*d**2 + 6*d + 6. Let v be s(4). Suppose -7*a + 15 = -2*a. Suppose -19 = -a*g + v. What are the prime factors of g?
11
Let j(n) = 5*n - n**2 + 2*n**2 + 0*n - 2*n - 16. What are the prime factors of j(-8)?
2, 3
Suppose 0 = 2*y - y - 308. List the prime factors of y.
2, 7, 11
Let a be 3*2*(-74)/6. Let r = 26 - a. What are the prime factors of r?
2, 5
Let y(s) be the first derivative of 2*s**3/3 - 3*s**2/2 - 2*s - 6. List the prime factors of y(-6).
2, 11
Let l = -5 - -5. Suppose -4*k = -9 - 3, -5*z - 3*k + 39 = l. Suppose -z = 2*v - 3*v. What are the prime factors of v?
2, 3
Suppose 4*c - 4 = 8. What are the prime factors of 0 + (c - 1 - -62)?
2
Suppose -z + 56 + 678 = 0. List the prime factors of z.
2, 367
Let i = -16 - -7. Let u = -4 - i. Suppose f = u*f - 12. What are the prime factors of f?
3
Let o = 283 + -506. What are the prime factors of 1*-2*(-4)/(-8)*o?
223
Let q = -69 - -172. List the prime factors of q.
103
Let h = -175 - -387. What are the prime factors of h?
2, 53
Suppose m + 4*u = 17, -2*m + 4*u = 8*u - 22. Suppose 0*x - 405 = -m*x. Let i = x - 56. List the prime factors of i.
5
Suppose 0 = 5*v - 711 - 6699. List the prime factors of v.
2, 3, 13, 19
Suppose w + 243 = 5*b, b = 4*b - 5*w - 159. Suppose -3*u + 48 = 5*t, -3*u = 4*t - t - b. Suppose f - u = -7. What are the prime factors of f?
3
What are the prime factors of 1764/49*1341/12?
3, 149
Let a = -297 - -322. Suppose -b - 2*s + 12 = 0, -3*s + 30 - 2 = 4*b. Suppose 4*k + 8 = 0, -a = -3*i + b*k + 1. What are the prime factors of i?
2, 3
Let f = -55 - -77. What are the prime factors of (-11)/f - (-3)/(12/430)?
107
Let c = 24 + -22. Suppose 2*f - 448 = -4*u, -5*f - 181 = -c*u + 31. List the prime factors of u.
3, 37
Let y(t) = t**2 + t. Let q(s) = -43*s**2 - 3*s - 1. Let k(l) = -q(l) - 5*y(l). Let d = 5 - 4. What are the prime factors of k(d)?
37
Let g be (-4)/((-24)/(-134)) - (-1)/3. Let c(h) = h**3 + 8*h**2 + 5*h - 3. Let s be c(-6). Let j = g + s. List the prime factors of j.
17
Let o = 366 + 16. What are the prime factors of 1/(-2) + o/4?
5, 19
Suppose 9*a = 19*a - 6780. List the prime factors of a.
2, 3, 113
Suppose -4*b - 4*o + 7892 = 0, 3*b + 3*o - 1965 = 2*b. List the prime factors of b.
3, 659
Suppose 2*a + 4*p - 10 = 0, 4*p + 11 = 27. Let n = a - -22. Suppose o + 2*c = -0*c - 6, -o + 3*c = -n. List the prime factors of o.
2
Let t(c) = c**2 + 5*c + 7. Suppose g - 6 = 4*g. Let n be t(g). What are the prime factors of (44 - 3)/(1/n)?
41
List the prime factors of 274*((-8)/12 - (-1035)/54).
37, 137
Let p(k) be the second derivative of k**3/3 + 13*k**2/2 - 2*k. Let o be p(10). Let i = o - 15. What are the prime factors of i?
2, 3
Let d = -941 + 1504. List the prime factors of d.
563
Let p(i) = 2*i + 16. Let b be p(-6). Suppose -2*w + 2*d + d = -129, -b*d + 92 = w. List the prime factors of w.
2, 3
Let g(x) = 2*x**2 - 9*x - 5. Let q be g(14). Suppose q = 5*p + 2*m - 69, -2*p - m + 132 = 0. What are the prime factors of p?
2, 3, 11
Let l(u) = u**2 - 3*u + 7. Let q be l(6). Suppose 3*y - 5*y = m - 13, m - q = -5*y. Suppose -25 = -m*t + 10. Li